{"id":8716,"date":"2025-06-30T11:51:48","date_gmt":"2025-06-30T11:51:48","guid":{"rendered":"https:\/\/robinetterieitaly.tierschutzde.de\/?post_type=product&#038;p=8716"},"modified":"2025-06-30T12:40:52","modified_gmt":"2025-06-30T12:40:52","slug":"baterii-pentru-bucatarie-chef","status":"publish","type":"product","link":"https:\/\/robinetterieitaly.tierschutzde.de\/?product=baterii-pentru-bucatarie-chef","title":{"rendered":"Baterii pentru buc\u0103t\u0103rie chef"},"content":{"rendered":"","protected":false},"excerpt":{"rendered":"<p data-start=\"27\" data-end=\"100\"><strong data-start=\"27\" data-end=\"100\">Baterie monocomand\u0103 pentru chiuvet\u0103 cu pip\u0103 orientabil\u0103, complet cu:<\/strong><\/p>\n<p data-start=\"102\" data-end=\"134\">\u2022 du\u0219 Minimal (2 jeturi) din ABS<\/p>\n<p data-start=\"136\" data-end=\"189\">\u2022 suport pentru du\u0219 cu prindere facilitat\u0103 cu magne\u021bi<\/p>\n<p data-start=\"191\" data-end=\"232\" data-is-last-node=\"\" data-is-only-node=\"\">\u2022 set 2 furtunuri flexibile inox 3\/8\u201dG\u201d**<\/p>\n","protected":false},"featured_media":8717,"comment_status":"open","ping_status":"closed","template":"","meta":[],"product_brand":[],"product_cat":[75],"product_tag":[],"class_list":{"0":"post-8716","1":"product","2":"type-product","3":"status-publish","4":"has-post-thumbnail","6":"product_cat-baterii-pentru-bucatarie","8":"first","9":"instock","10":"shipping-taxable","11":"purchasable","12":"product-type-simple"},"_links":{"self":[{"href":"https:\/\/robinetterieitaly.tierschutzde.de\/index.php?rest_route=\/wp\/v2\/product\/8716","targetHints":{"allow":["GET"]}}],"collection":[{"href":"https:\/\/robinetterieitaly.tierschutzde.de\/index.php?rest_route=\/wp\/v2\/product"}],"about":[{"href":"https:\/\/robinetterieitaly.tierschutzde.de\/index.php?rest_route=\/wp\/v2\/types\/product"}],"replies":[{"embeddable":true,"href":"https:\/\/robinetterieitaly.tierschutzde.de\/index.php?rest_route=%2Fwp%2Fv2%2Fcomments&post=8716"}],"version-history":[{"count":2,"href":"https:\/\/robinetterieitaly.tierschutzde.de\/index.php?rest_route=\/wp\/v2\/product\/8716\/revisions"}],"predecessor-version":[{"id":8719,"href":"https:\/\/robinetterieitaly.tierschutzde.de\/index.php?rest_route=\/wp\/v2\/product\/8716\/revisions\/8719"}],"wp:featuredmedia":[{"embeddable":true,"href":"https:\/\/robinetterieitaly.tierschutzde.de\/index.php?rest_route=\/wp\/v2\/media\/8717"}],"wp:attachment":[{"href":"https:\/\/robinetterieitaly.tierschutzde.de\/index.php?rest_route=%2Fwp%2Fv2%2Fmedia&parent=8716"}],"wp:term":[{"taxonomy":"product_brand","embeddable":true,"href":"https:\/\/robinetterieitaly.tierschutzde.de\/index.php?rest_route=%2Fwp%2Fv2%2Fproduct_brand&post=8716"},{"taxonomy":"product_cat","embeddable":true,"href":"https:\/\/robinetterieitaly.tierschutzde.de\/index.php?rest_route=%2Fwp%2Fv2%2Fproduct_cat&post=8716"},{"taxonomy":"product_tag","embeddable":true,"href":"https:\/\/robinetterieitaly.tierschutzde.de\/index.php?rest_route=%2Fwp%2Fv2%2Fproduct_tag&post=8716"}],"curies":[{"name":"wp","href":"https:\/\/api.w.org\/{rel}","templated":true}]}}