{"id":8733,"date":"2025-06-30T12:09:03","date_gmt":"2025-06-30T12:09:03","guid":{"rendered":"https:\/\/robinetterieitaly.tierschutzde.de\/?post_type=product&#038;p=8733"},"modified":"2025-06-30T12:09:04","modified_gmt":"2025-06-30T12:09:04","slug":"chiuveta-suprapusa-laufen-lua-50x35-cm","status":"publish","type":"product","link":"https:\/\/robinetterieitaly.tierschutzde.de\/?product=chiuveta-suprapusa-laufen-lua-50x35-cm","title":{"rendered":"Chiuvet\u0103 suprapus\u0103 Laufen LUA 50&#215;35 cm"},"content":{"rendered":"","protected":false},"excerpt":{"rendered":"<p data-start=\"32\" data-end=\"119\"><strong data-start=\"32\" data-end=\"119\">Chiuveta Laufen Lua \u2013 o solu\u021bie universal\u0103 \u0219i accesibil\u0103 pentru baia dumneavoastr\u0103.<\/strong><\/p>\n<p data-start=\"121\" data-end=\"340\">Toate produsele din colec\u021bia LUA au form\u0103 oval\u0103, cu margini u\u0219or curbate: o form\u0103 geometric\u0103 care a necesitat o serie ampl\u0103 de desene \u0219i cercet\u0103ri pentru a ob\u021bine un rezultat liniar, \u00een acela\u0219i timp logic \u0219i func\u021bional.<\/p>\n<p data-start=\"342\" data-end=\"361\"><strong data-start=\"342\" data-end=\"361\">Caracteristici:<\/strong><\/p>\n<ul data-start=\"363\" data-end=\"497\">\n<li data-start=\"363\" data-end=\"381\">\n<p data-start=\"365\" data-end=\"381\">Chiuvet\u0103 oval\u0103<\/p>\n<\/li>\n<li data-start=\"382\" data-end=\"410\">\n<p data-start=\"384\" data-end=\"410\">Montaj: suprapus pe blat<\/p>\n<\/li>\n<li data-start=\"411\" data-end=\"441\">\n<p data-start=\"413\" data-end=\"441\">Dimensiuni: 500x350x135 mm<\/p>\n<\/li>\n<li data-start=\"442\" data-end=\"457\">\n<p data-start=\"444\" data-end=\"457\">Cu preaplin<\/p>\n<\/li>\n<li data-start=\"458\" data-end=\"480\">\n<p data-start=\"460\" data-end=\"480\">Material: ceramic\u0103<\/p>\n<\/li>\n<li data-start=\"481\" data-end=\"497\">\n<p data-start=\"483\" data-end=\"497\">Culoare: alb<\/p>\n<\/li>\n<\/ul>\n","protected":false},"featured_media":8737,"comment_status":"open","ping_status":"closed","template":"","meta":[],"product_brand":[],"product_cat":[76],"product_tag":[],"class_list":{"0":"post-8733","1":"product","2":"type-product","3":"status-publish","4":"has-post-thumbnail","6":"product_cat-chiuvete-suprapuse","8":"first","9":"instock","10":"shipping-taxable","11":"purchasable","12":"product-type-simple"},"_links":{"self":[{"href":"https:\/\/robinetterieitaly.tierschutzde.de\/index.php?rest_route=\/wp\/v2\/product\/8733","targetHints":{"allow":["GET"]}}],"collection":[{"href":"https:\/\/robinetterieitaly.tierschutzde.de\/index.php?rest_route=\/wp\/v2\/product"}],"about":[{"href":"https:\/\/robinetterieitaly.tierschutzde.de\/index.php?rest_route=\/wp\/v2\/types\/product"}],"replies":[{"embeddable":true,"href":"https:\/\/robinetterieitaly.tierschutzde.de\/index.php?rest_route=%2Fwp%2Fv2%2Fcomments&post=8733"}],"version-history":[{"count":1,"href":"https:\/\/robinetterieitaly.tierschutzde.de\/index.php?rest_route=\/wp\/v2\/product\/8733\/revisions"}],"predecessor-version":[{"id":8738,"href":"https:\/\/robinetterieitaly.tierschutzde.de\/index.php?rest_route=\/wp\/v2\/product\/8733\/revisions\/8738"}],"wp:featuredmedia":[{"embeddable":true,"href":"https:\/\/robinetterieitaly.tierschutzde.de\/index.php?rest_route=\/wp\/v2\/media\/8737"}],"wp:attachment":[{"href":"https:\/\/robinetterieitaly.tierschutzde.de\/index.php?rest_route=%2Fwp%2Fv2%2Fmedia&parent=8733"}],"wp:term":[{"taxonomy":"product_brand","embeddable":true,"href":"https:\/\/robinetterieitaly.tierschutzde.de\/index.php?rest_route=%2Fwp%2Fv2%2Fproduct_brand&post=8733"},{"taxonomy":"product_cat","embeddable":true,"href":"https:\/\/robinetterieitaly.tierschutzde.de\/index.php?rest_route=%2Fwp%2Fv2%2Fproduct_cat&post=8733"},{"taxonomy":"product_tag","embeddable":true,"href":"https:\/\/robinetterieitaly.tierschutzde.de\/index.php?rest_route=%2Fwp%2Fv2%2Fproduct_tag&post=8733"}],"curies":[{"name":"wp","href":"https:\/\/api.w.org\/{rel}","templated":true}]}}