{"id":8751,"date":"2025-06-30T12:27:22","date_gmt":"2025-06-30T12:27:22","guid":{"rendered":"https:\/\/robinetterieitaly.tierschutzde.de\/?post_type=product&#038;p=8751"},"modified":"2025-06-30T12:27:22","modified_gmt":"2025-06-30T12:27:22","slug":"baterie-termostatica-incastrata-pentru-cada-omnires-y-alama-mata","status":"publish","type":"product","link":"https:\/\/robinetterieitaly.tierschutzde.de\/?product=baterie-termostatica-incastrata-pentru-cada-omnires-y-alama-mata","title":{"rendered":"Baterie termostatic\u0103 \u00eencastrat\u0103 pentru cad\u0103 OMNIRES Y, alam\u0103 mat\u0103"},"content":{"rendered":"","protected":false},"excerpt":{"rendered":"<p data-start=\"32\" data-end=\"123\"><strong data-start=\"32\" data-end=\"123\">Baterie termostatic\u0103 pentru du\u0219 \u0219i cad\u0103 cu 3 ie\u0219iri, montaj \u00eencastrat, element exterior<\/strong><\/p>\n<p data-start=\"125\" data-end=\"264\">Alama mat\u0103 este un finisaj rafinat, cu nuan\u021b\u0103 rece de aur \u0219i suprafa\u021b\u0103 satinat\u0103. Acoperirea este aplicat\u0103 folosind tehnologia avansat\u0103 PVD.<\/p>\n<p data-start=\"266\" data-end=\"285\"><strong data-start=\"266\" data-end=\"285\">Caracteristici:<\/strong><\/p>\n<ul data-start=\"287\" data-end=\"467\">\n<li data-start=\"287\" data-end=\"308\">\n<p data-start=\"289\" data-end=\"308\">Montaj: \u00eencastrat<\/p>\n<\/li>\n<li data-start=\"309\" data-end=\"346\">\n<p data-start=\"311\" data-end=\"346\">Dimensiunea rozetelor: 115&#215;275 mm<\/p>\n<\/li>\n<li data-start=\"347\" data-end=\"375\">\n<p data-start=\"349\" data-end=\"375\">Tip control: termostatic<\/p>\n<\/li>\n<li data-start=\"376\" data-end=\"410\">\n<p data-start=\"378\" data-end=\"410\">Limitator de temperatur\u0103: 38\u00b0C<\/p>\n<\/li>\n<li data-start=\"411\" data-end=\"430\">\n<p data-start=\"413\" data-end=\"430\">Material: alam\u0103<\/p>\n<\/li>\n<li data-start=\"431\" data-end=\"467\">\n<p data-start=\"433\" data-end=\"467\">Acoperire galvanic\u0103 \u201ealam\u0103 mat\u0103<\/p>\n<\/li>\n<\/ul>\n","protected":false},"featured_media":8752,"comment_status":"open","ping_status":"closed","template":"","meta":[],"product_brand":[],"product_cat":[28,20],"product_tag":[],"class_list":{"0":"post-8751","1":"product","2":"type-product","3":"status-publish","4":"has-post-thumbnail","6":"product_cat-baterii","7":"product_cat-baterii-pentru-baie","9":"first","10":"instock","11":"shipping-taxable","12":"purchasable","13":"product-type-simple"},"_links":{"self":[{"href":"https:\/\/robinetterieitaly.tierschutzde.de\/index.php?rest_route=\/wp\/v2\/product\/8751","targetHints":{"allow":["GET"]}}],"collection":[{"href":"https:\/\/robinetterieitaly.tierschutzde.de\/index.php?rest_route=\/wp\/v2\/product"}],"about":[{"href":"https:\/\/robinetterieitaly.tierschutzde.de\/index.php?rest_route=\/wp\/v2\/types\/product"}],"replies":[{"embeddable":true,"href":"https:\/\/robinetterieitaly.tierschutzde.de\/index.php?rest_route=%2Fwp%2Fv2%2Fcomments&post=8751"}],"version-history":[{"count":1,"href":"https:\/\/robinetterieitaly.tierschutzde.de\/index.php?rest_route=\/wp\/v2\/product\/8751\/revisions"}],"predecessor-version":[{"id":8753,"href":"https:\/\/robinetterieitaly.tierschutzde.de\/index.php?rest_route=\/wp\/v2\/product\/8751\/revisions\/8753"}],"wp:featuredmedia":[{"embeddable":true,"href":"https:\/\/robinetterieitaly.tierschutzde.de\/index.php?rest_route=\/wp\/v2\/media\/8752"}],"wp:attachment":[{"href":"https:\/\/robinetterieitaly.tierschutzde.de\/index.php?rest_route=%2Fwp%2Fv2%2Fmedia&parent=8751"}],"wp:term":[{"taxonomy":"product_brand","embeddable":true,"href":"https:\/\/robinetterieitaly.tierschutzde.de\/index.php?rest_route=%2Fwp%2Fv2%2Fproduct_brand&post=8751"},{"taxonomy":"product_cat","embeddable":true,"href":"https:\/\/robinetterieitaly.tierschutzde.de\/index.php?rest_route=%2Fwp%2Fv2%2Fproduct_cat&post=8751"},{"taxonomy":"product_tag","embeddable":true,"href":"https:\/\/robinetterieitaly.tierschutzde.de\/index.php?rest_route=%2Fwp%2Fv2%2Fproduct_tag&post=8751"}],"curies":[{"name":"wp","href":"https:\/\/api.w.org\/{rel}","templated":true}]}}