{"id":8754,"date":"2025-06-30T12:30:03","date_gmt":"2025-06-30T12:30:03","guid":{"rendered":"https:\/\/robinetterieitaly.tierschutzde.de\/?post_type=product&#038;p=8754"},"modified":"2025-06-30T12:30:03","modified_gmt":"2025-06-30T12:30:03","slug":"baterie-pentru-dus-cu-set-prisma-bronz-periat","status":"publish","type":"product","link":"https:\/\/robinetterieitaly.tierschutzde.de\/?product=baterie-pentru-dus-cu-set-prisma-bronz-periat","title":{"rendered":"Baterie pentru du\u0219 cu set PRISMA, bronz periat"},"content":{"rendered":"","protected":false},"excerpt":{"rendered":"<p data-start=\"46\" data-end=\"291\"><strong data-start=\"46\" data-end=\"291\">Baterie de du\u0219 cu set Hansa PRISMA \u00een finisaj bronz periat \u2013 o solu\u021bie elegant\u0103 \u0219i func\u021bional\u0103 pentru b\u0103ile moderne. Combin\u0103 materiale de \u00eenalt\u0103 calitate, tehnologii avansate \u0219i un design stilat, oferind confort \u00een utilizare \u0219i durabilitate.<\/strong><\/p>\n<p data-start=\"293\" data-end=\"312\"><strong data-start=\"293\" data-end=\"312\">Caracteristici:<\/strong><\/p>\n<ul data-start=\"314\" data-end=\"835\">\n<li data-start=\"314\" data-end=\"371\">\n<p data-start=\"316\" data-end=\"371\">Tip produs: Baterie de du\u0219 cu termostat \u0219i set de du\u0219<\/p>\n<\/li>\n<li data-start=\"372\" data-end=\"414\">\n<p data-start=\"374\" data-end=\"414\">Culoare: Bronz periat (brushed bronze)<\/p>\n<\/li>\n<li data-start=\"415\" data-end=\"451\">\n<p data-start=\"417\" data-end=\"451\">Material: Alam\u0103 cu finisaj bronz<\/p>\n<\/li>\n<li data-start=\"452\" data-end=\"487\">\n<p data-start=\"454\" data-end=\"487\">Tip control: Cartu\u0219 termostatic<\/p>\n<\/li>\n<li data-start=\"488\" data-end=\"542\">\n<p data-start=\"490\" data-end=\"542\">Montaj: Pe perete, cu distan\u021b\u0103 \u00eentre axe de 150 mm<\/p>\n<\/li>\n<li data-start=\"543\" data-end=\"565\">\n<p data-start=\"545\" data-end=\"565\">Conexiune du\u0219: G \u00bd<\/p>\n<\/li>\n<li data-start=\"566\" data-end=\"688\">\n<p data-start=\"568\" data-end=\"688\">Echipare: Baterie cu termostat, bar\u0103 de du\u0219 de 900 mm, du\u0219 manual cu mai multe moduri de jet, furtun de du\u0219, s\u0103punier\u0103<\/p>\n<\/li>\n<li data-start=\"689\" data-end=\"835\">\n<p data-start=\"691\" data-end=\"835\">Func\u021bii: Blocare de siguran\u021b\u0103 a temperaturii la 38\u00b0C, buton pentru economisirea apei, protec\u021bie \u00eempotriva refluxului, filtru pentru impurit\u0103\u021bi<\/p>\n<\/li>\n<\/ul>\n","protected":false},"featured_media":8757,"comment_status":"open","ping_status":"closed","template":"","meta":[],"product_brand":[],"product_cat":[20],"product_tag":[],"class_list":{"0":"post-8754","1":"product","2":"type-product","3":"status-publish","4":"has-post-thumbnail","6":"product_cat-baterii-pentru-baie","8":"first","9":"instock","10":"shipping-taxable","11":"purchasable","12":"product-type-simple"},"_links":{"self":[{"href":"https:\/\/robinetterieitaly.tierschutzde.de\/index.php?rest_route=\/wp\/v2\/product\/8754","targetHints":{"allow":["GET"]}}],"collection":[{"href":"https:\/\/robinetterieitaly.tierschutzde.de\/index.php?rest_route=\/wp\/v2\/product"}],"about":[{"href":"https:\/\/robinetterieitaly.tierschutzde.de\/index.php?rest_route=\/wp\/v2\/types\/product"}],"replies":[{"embeddable":true,"href":"https:\/\/robinetterieitaly.tierschutzde.de\/index.php?rest_route=%2Fwp%2Fv2%2Fcomments&post=8754"}],"version-history":[{"count":1,"href":"https:\/\/robinetterieitaly.tierschutzde.de\/index.php?rest_route=\/wp\/v2\/product\/8754\/revisions"}],"predecessor-version":[{"id":8758,"href":"https:\/\/robinetterieitaly.tierschutzde.de\/index.php?rest_route=\/wp\/v2\/product\/8754\/revisions\/8758"}],"wp:featuredmedia":[{"embeddable":true,"href":"https:\/\/robinetterieitaly.tierschutzde.de\/index.php?rest_route=\/wp\/v2\/media\/8757"}],"wp:attachment":[{"href":"https:\/\/robinetterieitaly.tierschutzde.de\/index.php?rest_route=%2Fwp%2Fv2%2Fmedia&parent=8754"}],"wp:term":[{"taxonomy":"product_brand","embeddable":true,"href":"https:\/\/robinetterieitaly.tierschutzde.de\/index.php?rest_route=%2Fwp%2Fv2%2Fproduct_brand&post=8754"},{"taxonomy":"product_cat","embeddable":true,"href":"https:\/\/robinetterieitaly.tierschutzde.de\/index.php?rest_route=%2Fwp%2Fv2%2Fproduct_cat&post=8754"},{"taxonomy":"product_tag","embeddable":true,"href":"https:\/\/robinetterieitaly.tierschutzde.de\/index.php?rest_route=%2Fwp%2Fv2%2Fproduct_tag&post=8754"}],"curies":[{"name":"wp","href":"https:\/\/api.w.org\/{rel}","templated":true}]}}